r of 155170 and 18880?
590
What is the highest common factor of 27 and 141?
3
Calculate the highest common factor of 4968 and 5802.
6
Calculate the greatest common divisor of 2603 and 564303.
137
What is the highest common divisor of 70945 and 35?
35
What is the greatest common divisor of 112 and 98288?
16
Calculate the highest common factor of 101032 and 12456.
1384
What is the highest common divisor of 106082 and 4071?
59
Calculate the greatest common factor of 10045 and 343.
49
What is the greatest common factor of 290 and 164546?
58
Calculate the greatest common factor of 200353 and 3565.
713
What is the greatest common factor of 689815 and 14?
7
Calculate the greatest common factor of 21 and 46431.
21
Calculate the highest common factor of 62350 and 58.
58
Calculate the highest common divisor of 2343 and 14626.
71
What is the greatest common factor of 672 and 1632?
96
What is the highest common factor of 1232 and 46424?
56
What is the highest common divisor of 907316 and 218?
218
What is the greatest common factor of 2915631 and 261?
261
Calculate the greatest common divisor of 13 and 349193.
13
What is the greatest common factor of 3318624 and 207?
207
Calculate the highest common factor of 434 and 13392.
62
What is the highest common divisor of 22 and 3421?
11
Calculate the highest common divisor of 186371 and 1615.
323
What is the greatest common factor of 148856 and 12?
4
What is the greatest common factor of 78 and 729794?
26
Calculate the greatest common divisor of 84 and 848784.
12
What is the greatest common factor of 214 and 11663?
107
Calculate the highest common factor of 38077 and 767.
13
Calculate the greatest common divisor of 13446 and 3071.
83
What is the highest common factor of 916023 and 87?
87
What is the highest common divisor of 528 and 5918?
22
What is the greatest common divisor of 1455 and 425345?
485
Calculate the greatest common factor of 1010429 and 3639.
1213
Calculate the greatest common factor of 126388 and 608.
76
What is the highest common divisor of 6713 and 1644?
137
Calculate the greatest common divisor of 8235 and 1082079.
1647
What is the greatest common factor of 4 and 40844?
4
What is the greatest common factor of 3672 and 488886?
102
What is the highest common factor of 46009 and 993?
331
What is the highest common divisor of 8478 and 23236?
314
Calculate the greatest common divisor of 2751 and 56592.
393
What is the greatest common factor of 75 and 1391850?
75
Calculate the greatest common divisor of 109271 and 113.
113
What is the highest common factor of 1731059 and 187?
187
What is the greatest common divisor of 224417 and 3139?
43
What is the greatest common divisor of 73 and 41?
1
Calculate the highest common divisor of 76 and 12739956.
76
Calculate the highest common divisor of 324636 and 17940.
156
What is the highest common factor of 84473 and 1411?
17
Calculate the greatest common factor of 88263 and 378.
189
Calculate the highest common divisor of 10992 and 18549.
687
Calculate the greatest common divisor of 20208 and 144.
48
Calculate the greatest common divisor of 200194 and 398.
398
Calculate the greatest common factor of 314550 and 975.
75
Calculate the greatest common divisor of 584 and 386243.
73
What is the highest common divisor of 140023 and 13?
13
Calculate the highest common divisor of 1175 and 3675.
25
What is the highest common factor of 86774 and 172?
86
Calculate the highest common factor of 2603 and 7.
1
What is the greatest common divisor of 126 and 263298?
42
Calculate the highest common factor of 681 and 1145896.
227
Calculate the greatest common factor of 153 and 185211.
9
Calculate the greatest common factor of 1296 and 135756.
324
What is the highest common factor of 644 and 553196?
644
What is the greatest common divisor of 78324 and 69?
3
What is the highest common factor of 94 and 88642?
94
What is the highest common divisor of 532 and 41720?
28
Calculate the greatest common factor of 2016 and 82908.
252
Calculate the highest common divisor of 504 and 14056.
56
What is the highest common factor of 110 and 3332230?
110
Calculate the highest common factor of 48755 and 70.
35
What is the greatest common divisor of 220 and 2213420?
220
What is the greatest common factor of 1258194 and 42?
42
Calculate the greatest common divisor of 140 and 533340.
20
What is the greatest common factor of 17560 and 16?
8
What is the highest common factor of 69 and 531231?
69
Calculate the greatest common factor of 253260 and 375.
15
What is the highest common factor of 9693 and 8397?
27
Calculate the highest common divisor of 1 and 153253.
1
What is the highest common divisor of 552 and 18948?
12
Calculate the highest common divisor of 435 and 482415.
435
Calculate the highest common factor of 6128 and 472239.
383
What is the highest common divisor of 38007 and 7544?
41
What is the highest common factor of 4704 and 49?
49
What is the greatest common factor of 5 and 93170?
5
Calculate the highest common factor of 726 and 580437.
363
What is the highest common divisor of 9 and 84?
3
Calculate the greatest common factor of 1180214 and 98.
98
What is the greatest common divisor of 477100 and 13?
13
What is the highest common factor of 53336 and 1298?
118
Calculate the greatest common divisor of 6162 and 80535.
39
What is the highest common factor of 14017 and 6848?
107
Calculate the greatest common divisor of 9700680 and 55.
55
What is the greatest common divisor of 4320 and 30000?
240
What is the greatest common factor of 1904553 and 21?
21
What is the highest common factor of 1992 and 37212?
12
Calculate the highest common divisor of 132 and 3278.
22
What is the highest common factor of 1833050 and 20?
10
What is the greatest common divisor of 2636 and 202313?
659
What is the greatest common factor of 1775 and 213?
71
What is the highest common factor of 1311 and 79488?
69
What is the greatest common factor of 342 and 7011?
171
Calculate the greatest common divisor of 481968 and 1368.
72
What is the highest common divisor of 3990 and 21000?
210
What is the greatest common factor of 1249585 and 1220?
305
Calculate the greatest common factor of 16425 and 1800.
225
What is the greatest common factor of 2508 and 1064019?
627
What is the highest common divisor of 2132 and 484?
4
Calculate the highest common divisor of 30395 and 205.
5
What is the highest common factor of 1303320 and 40?
40
Calculate the highest common factor of 140541 and 711.
237
What is the highest common factor of 62680 and 32?
8
What is the highest common factor of 1547 and 134708?
119
What is the highest common factor of 66633 and 2505?
501
Calculate the greatest common factor of 1610 and 237130.
230
Calculate the greatest common factor of 4 and 1343584.
4
Calculate the highest common factor of 12976 and 220.
4
Calculate the greatest common divisor of 1282196 and 418.
38
Calculate the greatest common factor of 26521 and 440.
11
What is the highest common factor of 35 and 69965?
35
Calculate the highest common divisor of 114466 and 22.
22
What is the highest common divisor of 168 and 1449?
21
What is the greatest common divisor of 776 and 6264?
8
Calculate the greatest common divisor of 540 and 21546.
54
Calculate the highest common divisor of 156234 and 117.
39
Calculate the highest common divisor of 20 and 740130.
10
Calculate the greatest common divisor of 130 and 392990.
130
Calculate the greatest common divisor of 43608 and 4029.
237
Calculate the highest common factor of 176 and 23804.
44
Calculate the highest common factor of 8641159 and 58.
29
What is the highest common divisor of 1656 and 62583?
69
Calculate the greatest common factor of 18810 and 18414.
198
What is the greatest common factor of 90 and 57303?
9
What is the highest common divisor of 23625 and 34825?
175
Calculate the greatest common factor of 353550 and 900.
150
Calculate the highest common factor of 2612401 and 5379.
1793
Calculate the highest common factor of 85156 and 183.
61
Calculate the greatest common factor of 120 and 60250.
10
What is the highest common factor of 22269 and 77656?
571
What is the highest common divisor of 910 and 1988?
14
Calculate the greatest common divisor of 118242 and 36.
18
What is the greatest common divisor o